d by 55.
13
Calculate the remainder when 624 is divided by 32.
16
Calculate the remainder when 123 is divided by 26.
19
Calculate the remainder when 487 is divided by 60.
7
Calculate the remainder when 12580 is divided by 484.
480
Calculate the remainder when 19264 is divided by 6421.
1
Calculate the remainder when 378 is divided by 45.
18
Calculate the remainder when 1369 is divided by 25.
19
Calculate the remainder when 146 is divided by 13.
3
Calculate the remainder when 138 is divided by 7.
5
Calculate the remainder when 1794 is divided by 69.
0
Calculate the remainder when 2909 is divided by 2884.
25
Calculate the remainder when 227 is divided by 11.
7
What is the remainder when 1202 is divided by 14?
12
Calculate the remainder when 152 is divided by 31.
28
Calculate the remainder when 25 is divided by 14.
11
Calculate the remainder when 132 is divided by 34.
30
Calculate the remainder when 8147 is divided by 281.
279
What is the remainder when 36 is divided by 19?
17
Calculate the remainder when 527 is divided by 155.
62
What is the remainder when 541 is divided by 108?
1
What is the remainder when 2799 is divided by 14?
13
What is the remainder when 355 is divided by 87?
7
What is the remainder when 1103 is divided by 79?
76
Calculate the remainder when 4957 is divided by 124.
121
Calculate the remainder when 101 is divided by 6.
5
Calculate the remainder when 408 is divided by 19.
9
Calculate the remainder when 985 is divided by 18.
13
Calculate the remainder when 75 is divided by 5.
0
Calculate the remainder when 179 is divided by 7.
4
What is the remainder when 309 is divided by 80?
69
Calculate the remainder when 1550 is divided by 141.
140
What is the remainder when 85 is divided by 30?
25
Calculate the remainder when 1448 is divided by 392.
272
Calculate the remainder when 303 is divided by 145.
13
Calculate the remainder when 35 is divided by 5.
0
Calculate the remainder when 1017 is divided by 22.
5
What is the remainder when 2307 is divided by 55?
52
What is the remainder when 48 is divided by 47?
1
What is the remainder when 557 is divided by 112?
109
What is the remainder when 90 is divided by 68?
22
Calculate the remainder when 424 is divided by 35.
4
Calculate the remainder when 93 is divided by 36.
21
What is the remainder when 35580 is divided by 161?
160
Calculate the remainder when 235 is divided by 24.
19
Calculate the remainder when 379 is divided by 70.
29
What is the remainder when 46 is divided by 43?
3
Calculate the remainder when 538 is divided by 26.
18
What is the remainder when 299 is divided by 131?
37
What is the remainder when 203 is divided by 23?
19
Calculate the remainder when 44 is divided by 29.
15
What is the remainder when 734 is divided by 368?
366
Calculate the remainder when 253 is divided by 26.
19
What is the remainder when 729 is divided by 124?
109
Calculate the remainder when 326 is divided by 66.
62
What is the remainder when 194 is divided by 52?
38
Calculate the remainder when 513 is divided by 172.
169
Calculate the remainder when 12207 is divided by 23.
17
Calculate the remainder when 287 is divided by 16.
15
What is the remainder when 119 is divided by 86?
33
What is the remainder when 1594 is divided by 133?
131
What is the remainder when 24 is divided by 11?
2
What is the remainder when 547 is divided by 11?
8
Calculate the remainder when 612 is divided by 88.
84
Calculate the remainder when 273 is divided by 88.
9
What is the remainder when 343 is divided by 107?
22
Calculate the remainder when 141 is divided by 30.
21
Calculate the remainder when 1304 is divided by 87.
86
What is the remainder when 136 is divided by 64?
8
What is the remainder when 706 is divided by 55?
46
What is the remainder when 3192 is divided by 92?
64
What is the remainder when 4722 is divided by 139?
135
What is the remainder when 525 is divided by 17?
15
What is the remainder when 796 is divided by 51?
31
Calculate the remainder when 3568 is divided by 15.
13
Calculate the remainder when 227 is divided by 38.
37
Calculate the remainder when 849 is divided by 50.
49
What is the remainder when 2156 is divided by 83?
81
Calculate the remainder when 1782 is divided by 878.
26
What is the remainder when 142 is divided by 3?
1
Calculate the remainder when 6483 is divided by 2.
1
Calculate the remainder when 212 is divided by 101.
10
Calculate the remainder when 124 is divided by 15.
4
What is the remainder when 79 is divided by 16?
15
What is the remainder when 337 is divided by 41?
9
What is the remainder when 505 is divided by 39?
37
Calculate the remainder when 549 is divided by 12.
9
What is the remainder when 347 is divided by 29?
28
What is the remainder when 1134 is divided by 87?
3
Calculate the remainder when 1747 is divided by 458.
373
Calculate the remainder when 53 is divided by 28.
25
What is the remainder when 1384 is divided by 63?
61
Calculate the remainder when 192 is divided by 12.
0
Calculate the remainder when 442 is divided by 124.
70
Calculate the remainder when 135 is divided by 3.
0
What is the remainder when 143 is divided by 73?
70
What is the remainder when 708 is divided by 178?
174
What is the remainder when 58035 is divided by 17?
14
What is the remainder when 6548 is divided by 109?
8
What is the remainder when 116 is divided by 8?
4
What is the remainder when 5392 is divided by 87?
85
What is the remainder when 93 is divided by 19?
17
What is the remainder when 41 is divided by 11?
8
What is the remainder when 4082 is divided by 49?
15
Calculate the remainder when 1257 is divided by 37.
36
What is the remainder when 14979 is divided by 107?
106
What is the remainder when 85 is divided by 11?
8
Calculate the remainder when 1199 is divided by 80.
79
What is the remainder when 346 is divided by 111?
13
What is the remainder when 361 is divided by 2?
1
What is the remainder when 176 is divided by 162?
14
Calculate the remainder when 79 is divided by 19.
3
What is the remainder when 149 is divided by 57?
35
What is the remainder when 58 is divided by 13?
6
What is the remainder when 462 is divided by 93?
90
Calculate the remainder when 940 is divided by 28.
16
Calculate the remainder when 3303 is divided by 56.
55
What is the remainder when 285 is divided by 75?
60
What is the remainder when 1917 is divided by 40?
37
What is the remainder when 247 is divided by 85?
77
What is the remainder when 24 is divided by 12?
0
What is the remainder when 366 is divided by 69?
21
Calculate the remainder when 168 is divided by 35.
28
Calculate the remainder when 63 is divided by 16.
15
Calculate the remainder when 3278 is divided by 106.
98
What is the remainder when 27 is divided by 14?
13
What is the remainder when 3211 is divided by 13?
0
Calculate the remainder when 488 is divided by 55.
48
Calculate the remainder when 111 is divided by 60.
51
Calculate the remainder when 223 is divided by 26.
15
Calculate the remainder when 8439 is divided by 40.
39
Calculate the remainder when 185 is divided by 49.
38
What is the remainder when 402 is divided by 220?
182
What is the remainder when 852 is divided by 106?
4
Calculate the remainder when 153 is divided by 36.
9
What is the remainder when 357 is divided by 89?
1
Calculate the remainder when 4084 is divided by 56.
52
What is the remainder when 676 is divided by 270?
136
Calculate the remainder when 120 is divided by 118.
2
Calculate the remainder when 152 is divided by 10.
2
Calculate the remainder when 71 is divided by 5.
1
Calculate the remainder when 52 is divided by 19.
14
What is the remainder when 12 is divided by 7?
5
Calculate the remainder when 251 is divided by 18.
17
Calculate the remainder when 10419 is divided by 801.
6
What is the remainder when 115 is divided by 24?
19
What is the remainder when 339 is divided by 69?
63
Calculate the remainder when 701 is divided by 153.
89
Calculate the remainder when 1032 is divided by 15.
12
Calculate the remainder when 1779 is divided by 11.
8
Calculate the remainder when 107 is divided by 22.
19
What is the remainder when 1699 is divided by 565?
4
What is the remainder when 28 is divided by 18?
10
What is the remainder when 296 is divided by 38?
30
What is the remainder when 987 is divided b